{"id":11,"date":"2026-04-28T11:17:02","date_gmt":"2026-04-28T09:17:02","guid":{"rendered":"https:\/\/ruchti-gartenbau.ch\/?page_id=11"},"modified":"2026-05-12T16:57:08","modified_gmt":"2026-05-12T14:57:08","slug":"ueberuns","status":"publish","type":"page","link":"https:\/\/ruchti-gartenbau.ch\/?page_id=11","title":{"rendered":"\u00dcber uns"},"content":{"rendered":"\n<div class=\"wp-block-cover alignfull is-light\"><span aria-hidden=\"true\" class=\"wp-block-cover__background has-background-dim-100 has-background-dim\" style=\"background-color:#38b73b\"><\/span><div class=\"wp-block-cover__inner-container is-layout-constrained wp-block-cover-is-layout-constrained\">\n<h1 class=\"wp-block-heading has-text-align-center has-white-color has-text-color has-link-color has-x-large-font-size wp-elements-bb240f05a4a288a8f4bc61ac4fde78f4\"><strong>Bew\u00e4hrte Qualit\u00e4t. <\/strong><br><strong>Neue Impulse f\u00fcr Ihren Garten.<\/strong><\/h1>\n\n\n\n<div class=\"wp-block-columns is-layout-flex wp-container-core-columns-is-layout-9d6595d7 wp-block-columns-is-layout-flex\">\n<div class=\"wp-block-column is-layout-flow wp-block-column-is-layout-flow\" style=\"flex-basis:5%\"><\/div>\n\n\n\n<div class=\"wp-block-column is-vertically-aligned-top is-layout-flow wp-block-column-is-layout-flow\">\n<div class=\"wp-block-eds-animate-it-block eds-animate-block-save\"><div class=\"eds-animate animated edsanimate-sis-hidden  \" data-eds-entry-animation=\"fadeInLeftBig\" data-eds-entry-delay=\"0\" data-eds-entry-duration=\"0.5\" data-eds-entry-timing=\"linear\" data-eds-exit-animation=\"\" data-eds-exit-delay=\"0\" data-eds-exit-duration=\"0.5\" data-eds-exit-timing=\"linear\" data-eds-repeat-count=\"1\" data-eds-keep=\"yes\" data-eds-animate-on=\"load\" data-eds-scroll-offset=\"\">\n<figure class=\"wp-block-image size-large is-style-rounded\"><img loading=\"lazy\" decoding=\"async\" width=\"1024\" height=\"680\" src=\"https:\/\/ruchti-gartenbau.ch\/wp-content\/uploads\/2026\/05\/61a269e0ec52cc59585b84b9_01_hero_schoetzau-homepage-1024x680.jpg\" alt=\"\" class=\"wp-image-211\" style=\"aspect-ratio:16\/9;object-fit:cover\" srcset=\"https:\/\/ruchti-gartenbau.ch\/wp-content\/uploads\/2026\/05\/61a269e0ec52cc59585b84b9_01_hero_schoetzau-homepage-1024x680.jpg 1024w, https:\/\/ruchti-gartenbau.ch\/wp-content\/uploads\/2026\/05\/61a269e0ec52cc59585b84b9_01_hero_schoetzau-homepage-300x199.jpg 300w, https:\/\/ruchti-gartenbau.ch\/wp-content\/uploads\/2026\/05\/61a269e0ec52cc59585b84b9_01_hero_schoetzau-homepage-768x510.jpg 768w, https:\/\/ruchti-gartenbau.ch\/wp-content\/uploads\/2026\/05\/61a269e0ec52cc59585b84b9_01_hero_schoetzau-homepage-272x182.jpg 272w, https:\/\/ruchti-gartenbau.ch\/wp-content\/uploads\/2026\/05\/61a269e0ec52cc59585b84b9_01_hero_schoetzau-homepage-620x413.jpg 620w, https:\/\/ruchti-gartenbau.ch\/wp-content\/uploads\/2026\/05\/61a269e0ec52cc59585b84b9_01_hero_schoetzau-homepage-400x267.jpg 400w, https:\/\/ruchti-gartenbau.ch\/wp-content\/uploads\/2026\/05\/61a269e0ec52cc59585b84b9_01_hero_schoetzau-homepage.jpg 1200w\" sizes=\"auto, (max-width: 1024px) 100vw, 1024px\" \/><\/figure>\n\n\n\n<div style=\"height:50px\" aria-hidden=\"true\" class=\"wp-block-spacer\"><\/div>\n\n\n\n<figure class=\"wp-block-image size-full is-style-rounded\"><img loading=\"lazy\" decoding=\"async\" width=\"1024\" height=\"768\" src=\"https:\/\/ruchti-gartenbau.ch\/wp-content\/uploads\/2026\/05\/Wittlin2.jpg\" alt=\"\" class=\"wp-image-1216\" style=\"aspect-ratio:16\/9;object-fit:cover\" srcset=\"https:\/\/ruchti-gartenbau.ch\/wp-content\/uploads\/2026\/05\/Wittlin2.jpg 1024w, https:\/\/ruchti-gartenbau.ch\/wp-content\/uploads\/2026\/05\/Wittlin2-300x225.jpg 300w, https:\/\/ruchti-gartenbau.ch\/wp-content\/uploads\/2026\/05\/Wittlin2-768x576.jpg 768w\" sizes=\"auto, (max-width: 1024px) 100vw, 1024px\" \/><\/figure>\n<\/div><\/div>\n<\/div>\n\n\n\n<div class=\"wp-block-column is-vertically-aligned-center is-layout-flow wp-block-column-is-layout-flow\">\n<div class=\"wp-block-eds-animate-it-block eds-animate-block-save\"><div class=\"eds-animate animated edsanimate-sis-hidden  \" data-eds-entry-animation=\"fadeIn\" data-eds-entry-delay=\"0.5\" data-eds-entry-duration=\"0.5\" data-eds-entry-timing=\"linear\" data-eds-exit-animation=\"\" data-eds-exit-delay=\"0\" data-eds-exit-duration=\"0.5\" data-eds-exit-timing=\"linear\" data-eds-repeat-count=\"1\" data-eds-keep=\"yes\" data-eds-animate-on=\"load\" data-eds-scroll-offset=\"\">\n<p class=\"has-text-align-center has-white-color has-text-color has-link-color wp-elements-b0d58c112b4492757c3cb4f25afbf534\">Alter Name, neue Energie, bew\u00e4hrtes Handwerk: <br>Mit grosser Freude durften wir die Ruchti Gartenbau \u00fcbernehmen und starten mit frischem Elan in die Zukunft. Wir verbinden langj\u00e4hrige Erfahrung im Garten- und Landschaftsbau mit modernen Ideen und einem hohen Anspruch an Qualit\u00e4t.<\/p>\n\n\n\n<p class=\"has-text-align-center has-white-color has-text-color has-link-color wp-elements-a9764271a48a4a5432b04c9b40b079eb\">Ob Gartengestaltung, Umgestaltung, Pflege oder baumsachliche Fragen:<br>wir setzen Ihre Vorstellungen zuverl\u00e4ssig und<br>mit Liebe zum Detail um. <\/p>\n\n\n\n<p class=\"has-text-align-center has-white-color has-text-color has-link-color wp-elements-d48f1c1b13bac8de7e24c5374d893e43\">Ihr Garten ist f\u00fcr uns mehr als nur ein Auftrag:<br>Er ist ein Lebensraum, den wir mit Sorgfalt und Kreativit\u00e4t gestalten.<\/p>\n\n\n\n<p class=\"has-text-align-center has-white-color has-text-color has-link-color wp-elements-91b063eab5520389e0ed2c1dadaa8f6c\">Gemeinsam schaffen wir gr\u00fcne Lebensr\u00e4ume, die begeistern,<br> heute und in Zukunft.<\/p>\n\n\n\n<div class=\"wp-block-buttons is-content-justification-center is-layout-flex wp-container-core-buttons-is-layout-16018d1d wp-block-buttons-is-layout-flex\">\n<div class=\"wp-block-button\"><a class=\"wp-block-button__link wp-element-button\" href=\"https:\/\/ruchti-gartenbau.ch\/?page_id=13\">Kontaktieren Sie uns<\/a><\/div>\n<\/div>\n<\/div><\/div>\n<\/div>\n\n\n\n<div class=\"wp-block-column is-vertically-aligned-top is-layout-flow wp-block-column-is-layout-flow\">\n<div class=\"wp-block-eds-animate-it-block eds-animate-block-save\"><div class=\"eds-animate animated edsanimate-sis-hidden  \" data-eds-entry-animation=\"fadeInRightBig\" data-eds-entry-delay=\"0\" data-eds-entry-duration=\"0.5\" data-eds-entry-timing=\"linear\" data-eds-exit-animation=\"\" data-eds-exit-delay=\"0\" data-eds-exit-duration=\"0.5\" data-eds-exit-timing=\"linear\" data-eds-repeat-count=\"1\" data-eds-keep=\"yes\" data-eds-animate-on=\"load\" data-eds-scroll-offset=\"\">\n<figure class=\"wp-block-image size-large is-style-rounded\"><img loading=\"lazy\" decoding=\"async\" width=\"1024\" height=\"568\" src=\"https:\/\/ruchti-gartenbau.ch\/wp-content\/uploads\/2026\/04\/Bild9-1024x568.png\" alt=\"\" class=\"wp-image-47\" style=\"aspect-ratio:16\/9;object-fit:cover\" srcset=\"https:\/\/ruchti-gartenbau.ch\/wp-content\/uploads\/2026\/04\/Bild9-1024x568.png 1024w, https:\/\/ruchti-gartenbau.ch\/wp-content\/uploads\/2026\/04\/Bild9-300x166.png 300w, https:\/\/ruchti-gartenbau.ch\/wp-content\/uploads\/2026\/04\/Bild9-768x426.png 768w, https:\/\/ruchti-gartenbau.ch\/wp-content\/uploads\/2026\/04\/Bild9.png 1028w\" sizes=\"auto, (max-width: 1024px) 100vw, 1024px\" \/><\/figure>\n\n\n\n<div style=\"height:50px\" aria-hidden=\"true\" class=\"wp-block-spacer\"><\/div>\n\n\n\n<figure class=\"wp-block-image size-full is-style-rounded\"><img loading=\"lazy\" decoding=\"async\" width=\"1024\" height=\"768\" src=\"https:\/\/ruchti-gartenbau.ch\/wp-content\/uploads\/2026\/04\/Mamedow3.png\" alt=\"\" class=\"wp-image-45\" style=\"aspect-ratio:16\/9;object-fit:cover\" srcset=\"https:\/\/ruchti-gartenbau.ch\/wp-content\/uploads\/2026\/04\/Mamedow3.png 1024w, https:\/\/ruchti-gartenbau.ch\/wp-content\/uploads\/2026\/04\/Mamedow3-300x225.png 300w, https:\/\/ruchti-gartenbau.ch\/wp-content\/uploads\/2026\/04\/Mamedow3-768x576.png 768w\" sizes=\"auto, (max-width: 1024px) 100vw, 1024px\" \/><\/figure>\n<\/div><\/div>\n<\/div>\n\n\n\n<div class=\"wp-block-column is-layout-flow wp-block-column-is-layout-flow\" style=\"flex-basis:5%\"><\/div>\n<\/div>\n\n\n\n<div style=\"height:150px\" aria-hidden=\"true\" class=\"wp-block-spacer\"><\/div>\n<\/div><\/div>\n\n\n\n<div class=\"wp-block-cover is-light\"><span aria-hidden=\"true\" class=\"wp-block-cover__background has-white-background-color has-background-dim-100 has-background-dim\"><\/span><div class=\"wp-block-cover__inner-container is-layout-constrained wp-block-cover-is-layout-constrained\">\n<div class=\"wp-block-columns alignfull is-layout-flex wp-container-core-columns-is-layout-9d6595d7 wp-block-columns-is-layout-flex\">\n<div class=\"wp-block-column is-layout-flow wp-block-column-is-layout-flow\" style=\"flex-basis:5%\"><\/div>\n\n\n\n<div class=\"wp-block-column is-vertically-aligned-center is-layout-flow wp-block-column-is-layout-flow\">\n<div class=\"wp-block-eds-animate-it-block eds-animate-block-save\"><div class=\"eds-animate animated edsanimate-sis-hidden  \" data-eds-entry-animation=\"fadeInLeftBig\" data-eds-entry-delay=\"0\" data-eds-entry-duration=\"0.5\" data-eds-entry-timing=\"linear\" data-eds-exit-animation=\"\" data-eds-exit-delay=\"0\" data-eds-exit-duration=\"0.5\" data-eds-exit-timing=\"linear\" data-eds-repeat-count=\"1\" data-eds-keep=\"yes\" data-eds-animate-on=\"scroll\" data-eds-scroll-offset=\"10\"><div class=\"wp-block-image is-style-rounded\">\n<figure class=\"aligncenter size-large is-resized\"><img loading=\"lazy\" decoding=\"async\" width=\"683\" height=\"1024\" src=\"https:\/\/ruchti-gartenbau.ch\/wp-content\/uploads\/2026\/05\/Lars-683x1024.png\" alt=\"\" class=\"wp-image-1083\" style=\"aspect-ratio:3\/4;object-fit:cover;width:500px\" srcset=\"https:\/\/ruchti-gartenbau.ch\/wp-content\/uploads\/2026\/05\/Lars-683x1024.png 683w, https:\/\/ruchti-gartenbau.ch\/wp-content\/uploads\/2026\/05\/Lars-200x300.png 200w, https:\/\/ruchti-gartenbau.ch\/wp-content\/uploads\/2026\/05\/Lars-768x1152.png 768w, https:\/\/ruchti-gartenbau.ch\/wp-content\/uploads\/2026\/05\/Lars.png 1000w\" sizes=\"auto, (max-width: 683px) 100vw, 683px\" \/><\/figure>\n<\/div><\/div><\/div>\n<\/div>\n\n\n\n<div class=\"wp-block-column is-vertically-aligned-center is-layout-flow wp-block-column-is-layout-flow\">\n<div class=\"wp-block-eds-animate-it-block eds-animate-block-save\"><div class=\"eds-animate animated edsanimate-sis-hidden  \" data-eds-entry-animation=\"fadeIn\" data-eds-entry-delay=\"0.5\" data-eds-entry-duration=\"0.5\" data-eds-entry-timing=\"linear\" data-eds-exit-animation=\"\" data-eds-exit-delay=\"0\" data-eds-exit-duration=\"0.5\" data-eds-exit-timing=\"linear\" data-eds-repeat-count=\"1\" data-eds-keep=\"yes\" data-eds-animate-on=\"scroll\" data-eds-scroll-offset=\"10\">\n<h2 class=\"wp-block-heading alignwide has-text-align-left has-x-large-font-size\"><strong>Gesch\u00e4ftsleitung<\/strong><\/h2>\n\n\n\n<p>Lars Sch\u00f6tzau ist eidg. diplomierter Baumpflegespezialist.<br>Mit seiner Ausbildung als Landschaftsg\u00e4rtner EFZ und langj\u00e4hriger Praxiserfahrung steht er f\u00fcr fachgerechte, sichere und nachhaltige Arbeiten rund um Baum- und Gartenpflege. Neben der t\u00e4glichen Arbeit im Bereich Baumpflege und Bepflanzungen ist er auch als Instruktor f\u00fcr Motors\u00e4genkurse, Baumschnitt, Baumaschinen und Arbeitssicherheit t\u00e4tig. Als zertifizierter Kontrolleur f\u00fcr pers\u00f6nliche Schutzausr\u00fcstung sowie durch seine Baumrettungskurse bringt er umfassendes Fachwissen und h\u00f6chste Sicherheitsstandards in jedes Projekt ein.<br><\/p>\n\n\n<div class=\"wp-block-image\">\n<figure class=\"alignleft size-full is-resized\"><img loading=\"lazy\" decoding=\"async\" width=\"742\" height=\"692\" src=\"https:\/\/ruchti-gartenbau.ch\/wp-content\/uploads\/2026\/05\/623dd18b44a2aa168a293ff8_Bund_Schweizer_Baumpflege_Logo.png\" alt=\"\" class=\"wp-image-496\" style=\"aspect-ratio:1.072283570766248;width:227px;height:auto\" srcset=\"https:\/\/ruchti-gartenbau.ch\/wp-content\/uploads\/2026\/05\/623dd18b44a2aa168a293ff8_Bund_Schweizer_Baumpflege_Logo.png 742w, https:\/\/ruchti-gartenbau.ch\/wp-content\/uploads\/2026\/05\/623dd18b44a2aa168a293ff8_Bund_Schweizer_Baumpflege_Logo-300x280.png 300w\" sizes=\"auto, (max-width: 742px) 100vw, 742px\" \/><\/figure>\n<\/div><\/div><\/div>\n<\/div>\n\n\n\n<div class=\"wp-block-column is-layout-flow wp-block-column-is-layout-flow\" style=\"flex-basis:5%\"><\/div>\n<\/div>\n<\/div><\/div>\n\n\n\n<div class=\"wp-block-cover alignfull is-light\"><span aria-hidden=\"true\" class=\"wp-block-cover__background has-background-dim-100 has-background-dim\" style=\"background-color:#38b73b\"><\/span><div class=\"wp-block-cover__inner-container is-layout-constrained wp-block-cover-is-layout-constrained\">\n<div class=\"wp-block-columns is-layout-flex wp-container-core-columns-is-layout-9d6595d7 wp-block-columns-is-layout-flex\">\n<div class=\"wp-block-column is-layout-flow wp-block-column-is-layout-flow\" style=\"flex-basis:5%\"><\/div>\n\n\n\n<div class=\"wp-block-column is-vertically-aligned-top is-layout-flow wp-block-column-is-layout-flow\">\n<div class=\"wp-block-eds-animate-it-block eds-animate-block-save\"><div class=\"eds-animate animated edsanimate-sis-hidden  \" data-eds-entry-animation=\"fadeInLeftBig\" data-eds-entry-delay=\"0\" data-eds-entry-duration=\"0.5\" data-eds-entry-timing=\"linear\" data-eds-exit-animation=\"\" data-eds-exit-delay=\"0\" data-eds-exit-duration=\"0.5\" data-eds-exit-timing=\"linear\" data-eds-repeat-count=\"1\" data-eds-keep=\"yes\" data-eds-animate-on=\"scroll\" data-eds-scroll-offset=\"5\"><div class=\"wp-block-image is-style-rounded\">\n<figure class=\"aligncenter size-full is-resized\"><img loading=\"lazy\" decoding=\"async\" width=\"1024\" height=\"768\" src=\"https:\/\/ruchti-gartenbau.ch\/wp-content\/uploads\/2026\/04\/Mamedow3.png\" alt=\"\" class=\"wp-image-45\" style=\"aspect-ratio:4\/3;object-fit:cover;width:500px\" srcset=\"https:\/\/ruchti-gartenbau.ch\/wp-content\/uploads\/2026\/04\/Mamedow3.png 1024w, https:\/\/ruchti-gartenbau.ch\/wp-content\/uploads\/2026\/04\/Mamedow3-300x225.png 300w, https:\/\/ruchti-gartenbau.ch\/wp-content\/uploads\/2026\/04\/Mamedow3-768x576.png 768w\" sizes=\"auto, (max-width: 1024px) 100vw, 1024px\" \/><\/figure>\n<\/div><\/div><\/div>\n<\/div>\n\n\n\n<div class=\"wp-block-column is-vertically-aligned-center is-layout-flow wp-block-column-is-layout-flow\">\n<div class=\"wp-block-eds-animate-it-block eds-animate-block-save\"><div class=\"eds-animate animated edsanimate-sis-hidden  \" data-eds-entry-animation=\"fadeIn\" data-eds-entry-delay=\"0.5\" data-eds-entry-duration=\"0.5\" data-eds-entry-timing=\"linear\" data-eds-exit-animation=\"\" data-eds-exit-delay=\"0\" data-eds-exit-duration=\"0.5\" data-eds-exit-timing=\"linear\" data-eds-repeat-count=\"1\" data-eds-keep=\"yes\" data-eds-animate-on=\"scroll\" data-eds-scroll-offset=\"5\">\n<h2 class=\"wp-block-heading has-white-color has-text-color has-link-color wp-elements-40b73fd56fedfdf89b969fc5e2b5f89d\"><strong>F\u00fcr unsere bestehenden Kundinnen und Kunden<\/strong><\/h2>\n\n\n\n<h3 class=\"wp-block-heading has-white-color has-text-color has-link-color has-medium-font-size wp-elements-ee615c8144c832ead1dfe70dad4ab154\"><strong>Vielen Dank f\u00fcr Ihr Vertrauen \u00fcber die Jahre. <\/strong><\/h3>\n\n\n\n<p class=\"has-white-color has-text-color has-link-color wp-elements-857f4d78339070ee64a549ad97480d89\"><br>Wir freuen uns darauf, Sie weiterhin zu begleiten,<br>mit der gewohnten Qualit\u00e4t und einem offenen Ohr f\u00fcr Ihre W\u00fcnsche. <br><\/p>\n\n\n\n<p class=\"has-white-color has-text-color has-link-color wp-elements-9a892a002f7fb6e379a8d2c9c353d36a\">Gleichzeitig bringen wir frische Ideen und neue M\u00f6glichkeiten ein, um Ihren Garten noch sch\u00f6ner zu gestalten.<\/p>\n<\/div><\/div>\n<\/div>\n\n\n\n<div class=\"wp-block-column is-layout-flow wp-block-column-is-layout-flow\" style=\"flex-basis:5%\"><\/div>\n<\/div>\n<\/div><\/div>\n\n\n\n<div class=\"wp-block-cover alignfull is-light\"><span aria-hidden=\"true\" class=\"wp-block-cover__background has-white-background-color has-background-dim-100 has-background-dim\"><\/span><div class=\"wp-block-cover__inner-container is-layout-constrained wp-block-cover-is-layout-constrained\">\n<div class=\"wp-block-columns is-layout-flex wp-container-core-columns-is-layout-9d6595d7 wp-block-columns-is-layout-flex\">\n<div class=\"wp-block-column is-layout-flow wp-block-column-is-layout-flow\" style=\"flex-basis:5%\"><\/div>\n\n\n\n<div class=\"wp-block-column is-vertically-aligned-center is-layout-flow wp-block-column-is-layout-flow\">\n<div class=\"wp-block-eds-animate-it-block eds-animate-block-save\"><div class=\"eds-animate animated edsanimate-sis-hidden  \" data-eds-entry-animation=\"fadeIn\" data-eds-entry-delay=\"0.5\" data-eds-entry-duration=\"0.5\" data-eds-entry-timing=\"linear\" data-eds-exit-animation=\"\" data-eds-exit-delay=\"0\" data-eds-exit-duration=\"0.5\" data-eds-exit-timing=\"linear\" data-eds-repeat-count=\"1\" data-eds-keep=\"yes\" data-eds-animate-on=\"scroll\" data-eds-scroll-offset=\"5\">\n<h2 class=\"wp-block-heading has-text-align-right\"><strong>F\u00fcr unsere neuen Kundinnen und Kunden<\/strong><\/h2>\n\n\n\n<h3 class=\"wp-block-heading has-text-align-right\"><strong>Herzlich willkommen!<\/strong><\/h3>\n\n\n\n<p class=\"has-text-align-right\"> <br>Lernen Sie einen Betrieb kennen, der Tradition und Innovation verbindet. <\/p>\n\n\n\n<p class=\"has-text-align-right\">Ob Neugestaltung, Pflege oder individuelle Garten- oder Baumpflegekonzepte, wir setzen Ihre Vorstellungen mit Leidenschaft und Know-how um.<\/p>\n<\/div><\/div>\n<\/div>\n\n\n\n<div class=\"wp-block-column is-vertically-aligned-top is-layout-flow wp-block-column-is-layout-flow\">\n<div class=\"wp-block-eds-animate-it-block eds-animate-block-save\"><div class=\"eds-animate animated edsanimate-sis-hidden  \" data-eds-entry-animation=\"fadeInRightBig\" data-eds-entry-delay=\"0\" data-eds-entry-duration=\"0.5\" data-eds-entry-timing=\"linear\" data-eds-exit-animation=\"\" data-eds-exit-delay=\"0\" data-eds-exit-duration=\"0.5\" data-eds-exit-timing=\"linear\" data-eds-repeat-count=\"1\" data-eds-keep=\"yes\" data-eds-animate-on=\"scroll\" data-eds-scroll-offset=\"5\"><div class=\"wp-block-image is-style-rounded\">\n<figure class=\"aligncenter size-large is-resized\"><img loading=\"lazy\" decoding=\"async\" width=\"1024\" height=\"586\" src=\"https:\/\/ruchti-gartenbau.ch\/wp-content\/uploads\/2026\/04\/ueberuns3-1024x586.png\" alt=\"\" class=\"wp-image-97\" style=\"aspect-ratio:4\/3;object-fit:cover;width:531px;height:auto\" srcset=\"https:\/\/ruchti-gartenbau.ch\/wp-content\/uploads\/2026\/04\/ueberuns3-1024x586.png 1024w, https:\/\/ruchti-gartenbau.ch\/wp-content\/uploads\/2026\/04\/ueberuns3-300x172.png 300w, https:\/\/ruchti-gartenbau.ch\/wp-content\/uploads\/2026\/04\/ueberuns3-768x439.png 768w, https:\/\/ruchti-gartenbau.ch\/wp-content\/uploads\/2026\/04\/ueberuns3.png 1028w\" sizes=\"auto, (max-width: 1024px) 100vw, 1024px\" \/><\/figure>\n<\/div><\/div><\/div>\n<\/div>\n\n\n\n<div class=\"wp-block-column is-layout-flow wp-block-column-is-layout-flow\" style=\"flex-basis:5%\"><\/div>\n<\/div>\n<\/div><\/div>\n\n\n\n<p><\/p>\n","protected":false},"excerpt":{"rendered":"","protected":false},"author":1,"featured_media":0,"parent":0,"menu_order":0,"comment_status":"closed","ping_status":"closed","template":"","meta":{"footnotes":""},"class_list":["post-11","page","type-page","status-publish","hentry","post"],"_links":{"self":[{"href":"https:\/\/ruchti-gartenbau.ch\/index.php?rest_route=\/wp\/v2\/pages\/11","targetHints":{"allow":["GET"]}}],"collection":[{"href":"https:\/\/ruchti-gartenbau.ch\/index.php?rest_route=\/wp\/v2\/pages"}],"about":[{"href":"https:\/\/ruchti-gartenbau.ch\/index.php?rest_route=\/wp\/v2\/types\/page"}],"author":[{"embeddable":true,"href":"https:\/\/ruchti-gartenbau.ch\/index.php?rest_route=\/wp\/v2\/users\/1"}],"replies":[{"embeddable":true,"href":"https:\/\/ruchti-gartenbau.ch\/index.php?rest_route=%2Fwp%2Fv2%2Fcomments&post=11"}],"version-history":[{"count":133,"href":"https:\/\/ruchti-gartenbau.ch\/index.php?rest_route=\/wp\/v2\/pages\/11\/revisions"}],"predecessor-version":[{"id":1296,"href":"https:\/\/ruchti-gartenbau.ch\/index.php?rest_route=\/wp\/v2\/pages\/11\/revisions\/1296"}],"wp:attachment":[{"href":"https:\/\/ruchti-gartenbau.ch\/index.php?rest_route=%2Fwp%2Fv2%2Fmedia&parent=11"}],"curies":[{"name":"wp","href":"https:\/\/api.w.org\/{rel}","templated":true}]}}